be z(-3). Let s(h) be the first derivative of 15*h**2/2 + 7*h - 111. What are the prime factors of s(d)?
2, 7
Suppose 168*h = -28*h - 27*h + 2966792. What are the prime factors of h?
2, 1663
Let c be 40/15*(-60)/(-8). What are the prime factors of (-2)/(16/c)*38714/(-65)?
1489
Let x(g) = g**3 + 9*g**2 + 12*g + 35. Let y be x(-8). Suppose -2*t = h - 869, 0*h - 1300 = -y*t - 5*h. List the prime factors of t.
3, 5, 29
Suppose 0 = 4*g - 458 + 62. Let o = 256 - g. What are the prime factors of o?
157
Suppose -413934 - 783172 = -105*l - 152*l. List the prime factors of l.
2, 17, 137
Let w(k) = 15*k + 45. Suppose 44 = 3*z - 7. List the prime factors of w(z).
2, 3, 5
Let l = -12 + 96. Suppose a = 3*h + 4*a - l, -4*h = -a - 97. Suppose h + 0 = 5*o. What are the prime factors of o?
5
Suppose -4*j = -h + 4 + 2, 0 = 3*j. What are the prime factors of -1 + h + 5 + 565?
5, 23
Let r(v) = 112*v - 127. Let h be r(16). Suppose 0 = -g - 3*x + h, 8*g + 2*x - 3334 = 6*g. What are the prime factors of g?
2, 3, 139
Let z be (1115 + -2)/(2 + 25/(-20)). Suppose -91*p - z = -95*p. What are the prime factors of p?
7, 53
Suppose 27*t = -78*t + 423139 + 6206. List the prime factors of t.
3, 29, 47
Let i = 609 + -615. What are the prime factors of (14 - 7 - -164) + i?
3, 5, 11
Let i(t) be the first derivative of 8/3*t**3 - 9/2*t**2 + 6*t + 28. List the prime factors of i(5).
7, 23
What are the prime factors of 10242500/306 + -1*4/18?
2, 523
Let z = 25 + -15. What are the prime factors of ((-2)/3)/(z/(-13815))?
3, 307
Let i(q) = -3*q**3 - 2*q**2 - 16 + 9 + q + 2*q**3. Let b be i(-3). List the prime factors of b*(-3)/(12/52).
13
Let v be ((-70)/(-15) - 5)*-3. Suppose -4*c + 52 = 4*g, v = -2*c + g + 12. Let h(i) = i**3 - 9*i**2 + 11*i + 1. List the prime factors of h(c).
5
Suppose 1257*d - 1262*d = -4*w + 19656, 4*w = -d + 19680. What are the prime factors of w?
4919
Let j = 8437 - 3418. What are the prime factors of j?
3, 7, 239
Let o = -279 - -159. Let f = -60 - o. Let p = -25 + f. What are the prime factors of p?
5, 7
Let s(l) = l**3 - 35*l**2 + 96*l + 10. Let g be s(32). Suppose 7*o + 3222 = 3*i + g*o, 3*i - 2*o = 3247. List the prime factors of i.
13, 83
Suppose 12*t = 8*t + 1648. Let i = 293 - t. Let h = -32 - i. What are the prime factors of h?
3, 29
Let c = -38645 - -101069. What are the prime factors of c?
2, 3, 17
Suppose 37*b - 13*b - 265782 = -9*b. List the prime factors of b.
2, 4027
Suppose 10*n = 16*n - 3672. Let h = n - 45. List the prime factors of h.
3, 7
Let i(c) = 17*c + 19. Let o(q) = -q**2 + q + 1. Let k(l) = l**2 - 6*l - 10. Let b(y) = -k(y) - 2*o(y). Let n be b(-3). What are the prime factors of i(n)?
2, 13
Suppose -3*p - 4*p + 7602 = 0. Suppose -2*h - 1810 = -5*v, 0*h = 3*v + 2*h - p. List the prime factors of v.
2, 181
Let i be 1 - (0/(-2 - -6))/(-1). Let h(p) = -i - 181*p + 5 + 4 + 28*p. List the prime factors of h(-1).
7, 23
Suppose 5*g = -4*q - 595, 3*g = -4*q - 347 - 242. Let d be 2/((-440)/q + -3). Suppose 64*j - 1656 = d*j. What are the prime factors of j?
2, 3, 23
Suppose -3*l + 3*v = -5*l + 71, 3*l = -3*v + 105. Let d = l + -32. Suppose 69 + 51 = d*i. List the prime factors of i.
2, 3, 5
Suppose 2*p - 5*g - 9343 + 978 = 0, -p = 5*g - 4175. What are the prime factors of p?
2, 5, 11, 19
Let t = 1 - -2. Suppose -t*v - 420 = -8*v. Suppose -r = -4*z - v, -4*z = 2*r - 7*r + 436. What are the prime factors of r?
2, 11
Suppose -59 = 7*k - 724. Let t = k - -17. Suppose 4*d - 284 + t = 0. What are the prime factors of d?
43
Suppose -4*a + 107 - 11 = 0. Let z be (-6)/a - 37/(-4). Suppose -5*y = -z*y + 136. What are the prime factors of y?
2, 17
Suppose -59*r + 62*r = -5*c + 28794, -2*c + 11514 = 3*r. What are the prime factors of c?
2, 3, 5
Let t be (2 - 3 - 2) + (-19 - 5). Let u = t + 22. Let d(j) = -7*j - 20. What are the prime factors of d(u)?
3, 5
Let h(v) = 62*v**2 + 7*v + 13 + 8*v + 4*v + 9*v - 33*v. Let l = -1 + 3. List the prime factors of h(l).
251
Let j(p) = 21 - 18*p - 20*p + 56*p - 19*p. Let h be j(16). Suppose -3*r - 4*k = -5*r + 222, 0 = -h*r + 5*k + 580. List the prime factors of r.
11
Suppose -190708 = -28*s + 74648. What are the prime factors of s?
3, 13
Let l be (6 + -5)*124 + 0 + 2. Let o = l - -225. What are the prime factors of o?
3, 13
Let x be (5/(25/(-565)))/1. Let y = x + 107. List the prime factors of 178 + (1/(-6) - (-23)/y).
2, 3, 29
Let p(g) = -12*g + 34. Let w be p(3). What are the prime factors of ((-40)/4 - -243) + (1 - w)?
2, 59
List the prime factors of ((-455)/(-3))/((-40)/(-720)).
2, 3, 5, 7, 13
Let r = -59 + 61. Let h(p) = -3 - 1 + 11*p + p**r + 2 + 1. What are the prime factors of h(-21)?
11, 19
Let r = 52115 + 32493. List the prime factors of r.
2, 661
Let o = 32 + -35. Let w be (-59354)/26 - o - 6/39. What are the prime factors of -1*1/(-3) + w/(-18)?
127
Let h = 14326 - 6652. What are the prime factors of h?
2, 3, 1279
Let l(m) = m**2 + 4*m - 43. Let w(f) = -f**3 + 10*f**2 + 8*f + 21. Let z be w(11). Let v be l(z). Let s = v + -48. List the prime factors of s.
5
Suppose 185 = k + i - 289, -12 = 4*i. What are the prime factors of k?
3, 53
Let j(h) = 32*h**2 + 74*h - 55. What are the prime factors of j(-16)?
17, 409
Let h(u) = u**3 - 7*u**2 + 4*u + 6. Suppose -3*r + 230 = 2*r. Let q = 54 - r. What are the prime factors of h(q)?
2, 3, 17
Suppose 56*g - 54*g - 15382 = 0. List the prime factors of g.
7691
Suppose 5*p - 2*g = 600, 0 = 15*p - 13*p - 2*g - 240. Let x(w) = -5*w**2 - w - 1. Let b be x(4). Let d = p + b. What are the prime factors of d?
5, 7
Let s be (14/35)/((-7)/(-35455)). Suppose 3*y = -4*c + s, -4*y + 848 = -c - 1847. List the prime factors of y.
2, 337
Let i = 19365 + -12855. List the prime factors of i.
2, 3, 5, 7, 31
Let n(p) = 12*p - 15. Let u(s) = 12*s - 16. Let l(d) = 2*n(d) - 3*u(d). Let x be l(4). Let j = x - -49. What are the prime factors of j?
19
Let d(s) = 156*s + 1467. List the prime factors of d(11).
3, 1061
Suppose m = -3*c + 6677 + 12171, -2*m + 3*c + 37696 = 0. What are the prime factors of m?
2, 19, 31
Let s = 5326 + -3730. Suppose -33*i + 26*i = -s. List the prime factors of i.
2, 3, 19
Suppose -82109*r - 28458 = -82136*r. What are the prime factors of r?
2, 17, 31
Suppose 5*b + 15 = -0*b. What are the prime factors of 0 - 5 - (-167 - (b - -4))?
163
List the prime factors of 7049 + 26/(-13) + -9.
2, 3, 17, 23
Suppose 5*n = 11*n - 1824. Let p = 784 - n. Suppose 2*s + p = 6*s. List the prime factors of s.
2, 3, 5
Suppose 4 = 11*g - 9*g. Suppose 0 = -0*v + 4*v - 5*d + 32, -16 = g*v - 2*d. Let u(l) = l**3 + 7*l**2 - 10*l - 14. List the prime factors of u(v).
2
Let i be (-3 + 5/2)*0. Let p(q) = 2*q + 2. Let m be p(i). Suppose m + 22 = 2*j. What are the prime factors of j?
2, 3
Suppose -3*x + 8 = -3*g + 2, g + 2*x = 13. List the prime factors of 2008/g - (-40)/60.
2, 5, 67
Suppose 0 = 21*n - 16*n + 725. Let t = -3 - n. Let i = 251 - t. List the prime factors of i.
109
Suppose 639 + 378 = 3*d. Suppose -8*y = -1045 - d. What are the prime factors of y?
173
Let x = -40 - -404. What are the prime factors of -6 + (x - (5 + -3))?
2, 89
Suppose 0 = -7*y - 42 + 49. Let l be (y - -454) + 26 + -21. Suppose -4*q + a + l = 0, 0 = -4*a - 0*a - 16. List the prime factors of q.
2, 3, 19
Suppose -516 = -k + 5*h, 3*h - 191 = -5*k + 2417. Let s = 839 - k. What are the prime factors of s?
2, 3, 53
Let u be 0/((-5)/(20/(-8))). Suppose -25*b + 29*b + 8 = u. Let k = 39 + b. List the prime factors of k.
37
Suppose 185 - 157 = 7*b. Suppose -49 = -h - l + 45, -b*h + 379 = 5*l. What are the prime factors of h?
7, 13
Let c = 35 + -27. Suppose -c*s = -11*s - 3. What are the prime factors of (-86)/s - ((-18)/(-3) - 6)?
2, 43
Let g(m) be the third derivative of 0 + 13/24*m**4 + 0*m + 6*m**2 + 1/30*m**5 + 31/6*m**3. List the prime factors of g(-11).
2, 5, 13
Suppose 85*z - 993920 - 720360 = 0. What are the prime factors of z?
2, 2521
Let t(l) = -l**2 + 42. Let s be t(-6). Suppose -s*x = -983 - 19. List the prime factors of x.
167
Let y = 98 - 96. List the prime factors of y/(-10) + (-7154)/(-70).
2, 3, 17
Suppose -119*v = -241*v + 119*v + 16665. List the prime factors of v.
5, 11, 101
Let w = -935 + 177. Let a = w + 1331. What are the prime factors of a?
3, 191
Let o be (-1)/(138/(-45) + 3). Suppose -167 = -5*u - 5*